n base 9, what is -4 - 15484?
-15488
In base 2, what is 111 - -110010001101?
110010010100
In base 14, what is 1 - 1523a7?
-1523a6
In base 3, what is -102001211 - -21?
-102001120
In base 6, what is -15 + 15251?
15232
In base 8, what is 176623 - -67?
176712
In base 7, what is 26336 + -10?
26326
In base 14, what is 1d76 - 3?
1d73
In base 11, what is 1467 - -1222?
2689
In base 6, what is -25122 + -2?
-25124
In base 14, what is 778d9 - 5?
778d4
In base 13, what is 21 + 113?
134
In base 2, what is 100100 - 101111000100000?
-101110111111100
In base 5, what is 1140141 - 1021?
1134120
In base 10, what is 81456 + 1?
81457
In base 8, what is -3473036 + -1?
-3473037
In base 6, what is -401454 - -4?
-401450
In base 7, what is -10 + 44225?
44215
In base 14, what is -147a - -20?
-145a
In base 4, what is -2 - -1000022?
1000020
In base 14, what is 3 + c66?
c69
In base 10, what is -1 - -22064?
22063
In base 7, what is -2 - 312254?
-312256
In base 10, what is -8 + 276?
268
In base 14, what is -547d - -1?
-547c
In base 8, what is 7734 + 2004?
11740
In base 4, what is 21013 + -1031132?
-1010113
In base 16, what is 2594 + -6?
258e
In base 8, what is 303 + 277?
602
In base 8, what is 3352 + -701?
2451
In base 7, what is -365 + 106?
-256
In base 2, what is -10 + 100010011100?
100010011010
In base 7, what is 10 - -522?
532
In base 14, what is -31 - -30cb?
309a
In base 9, what is 6 + 6546?
6553
In base 10, what is 73 + 69?
142
In base 4, what is 121213233 - -3?
121213302
In base 14, what is 171 - 0?
171
In base 8, what is -27355 + 177?
-27156
In base 13, what is 87 + -5c91?
-5c07
In base 14, what is 1d27 + 5?
1d2c
In base 12, what is -a28 + -290?
-10b8
In base 4, what is 1312303 + 30?
1312333
In base 9, what is 232271 - 5?
232265
In base 12, what is -303 + 5994?
5691
In base 16, what is 70b9 + -8?
70b1
In base 11, what is 39 + -a875?
-a837
In base 6, what is 2 - -2311542?
2311544
In base 16, what is -6d0 - -132?
-59e
In base 14, what is -2b + -738?
-765
In base 6, what is 4 - -22511010?
22511014
In base 3, what is -12111010 + 1?
-12111002
In base 14, what is b9cda + 0?
b9cda
In base 16, what is 6 - -895a?
8960
In base 11, what is 1981 - 294?
1698
In base 7, what is 2 - -426051?
426053
In base 16, what is -fb - 238?
-333
In base 5, what is 244130233 - 1?
244130232
In base 5, what is -123 + 2440?
2312
In base 14, what is -a16 - 4b?
-a63
In base 14, what is c51 - 7d?
bb2
In base 7, what is -10003533 - 4?
-10003540
In base 9, what is 73 + -11483?
-11410
In base 16, what is -447b + 4?
-4477
In base 13, what is -63 + -20a?
-270
In base 12, what is 37082 + 3?
37085
In base 2, what is 101 + -100010010001111?
-100010010001010
In base 11, what is 1 - 21a797?
-21a796
In base 12, what is -7 + -23a5?
-23b0
In base 3, what is 2220110212 - 101?
2220110111
In base 10, what is 24542 + 3?
24545
In base 6, what is -3045134 - -15?
-3045115
In base 13, what is -b752 + 37?
-b718
In base 13, what is -6859 + -5?
-6861
In base 16, what is -3b - -df6?
dbb
In base 14, what is -2db + 13?
-2c8
In base 11, what is 12 + -49898?
-49886
In base 7, what is 46 + -406?
-330
In base 16, what is -23 + 6d5?
6b2
In base 9, what is 216814 - 1?
216813
In base 5, what is 2 - -241213?
241220
In base 4, what is 212323010 + 102?
212323112
In base 2, what is 1100011000000000001 + -101?
1100010111111111100
In base 9, what is 10165 - -11?
10176
In base 7, what is -6666 - -26?
-6640
In base 15, what is -1 - 7cc9?
-7cca
In base 9, what is -25 + -2313?
-2338
In base 6, what is 2243 - -322?
3005
In base 10, what is 24 - 2059?
-2035
In base 7, what is -2 + 4260316?
4260314
In base 16, what is 852 + -25?
82d
In base 7, what is -1050640 + 11?
-1050626
In base 9, what is 8767 - -5?
8773
In base 5, what is 22011 + 1423?
23434
In base 4, what is 11231 + 1211?
13102
In base 7, what is -6530 + 44?
-6453
In base 16, what is df - -2f?
10e
In base 2, what is -1011 - -10111100101?
10111011010
In base 9, what is 77 - -1544?
1632
In base 11, what is 11024 - 4a?
10a85
In base 12, what is 4 + -9554?
-9550
In base 14, what is -3 - 5123?
-5126
In base 2, what is -10111100 + -11011110110?
-11110110010
In base 16, what is -150a2 + 2?
-150a0
In base 13, what is 715 - -6c?
784
In base 9, what is -4 - -7555?
7551
In base 8, what is -1746 - -1642?
-104
In base 10, what is -279 + -222?
-501
In base 15, what is -4e6 + c0?
-426
In base 11, what is 310 + -124?
197
In base 12, what is 3 - 7a6a9?
-7a6a6
In base 14, what is -96 - a55?
-b0b
In base 10, what is 1 - -6676?
6677
In base 16, what is -5c - -1e7?
18b
In base 4, what is -3111030110 - 3?
-3111030113
In base 8, what is -163 + 2571?
2406
In base 15, what is -1a - 35c?
-377
In base 11, what is 16a + -346?
-187
In base 2, what is 10 + -110001010101?
-110001010011
In base 15, what is -9bc - 20?
-9dc
In base 14, what is 4 - 137ca?
-137c6
In base 7, what is 4 - -25264?
25301
In base 6, what is 113 - 41214?
-41101
In base 9, what is 218376 - 0?
218376
In base 7, what is 30 + 210545?
210605
In base 15, what is 378a - -bd?
3858
In base 8, what is -273 + 314?
21
In base 10, what is 0 + -25959?
-25959
In base 8, what is 0 - 4456?
-4456
In base 7, what is 63 + -101323?
-101230
In base 15, what is -8 + -1410?
-1418
In base 8, what is -2 + 647444?
647442
In base 14, what is 18851 + -8?
18847
In base 12, what is 2 + 107150?
107152
In base 13, what is -3787 - -5?
-3782
In base 5, what is -414 + 34000?
33031
In base 13, what is 3598c + 3?
35992
In base 10, what is -51 + 1598?
1547
In base 11, what is -35 - -1759?
1724
In base 7, what is -20651553 - -5?
-20651545
In base 6, what is 10 - 30434?
-30424
In base 13, what is 1477 + 8?
1482
In base 13, what is 8 - b824?
-b819
In base 2, what is -1000 - 11100110010?
-11100111010
In base 13, what is -8 + -878?
-883
In base 3, what is -200222010 - -10?
-200222000
In base 8, what is 35 + -55366?
-55331
In base 3, what is 201 - -12022212?
12100120
In base 10, what is 66 - -1207?
1273
In base 9, what is 47 + 15648?
15706
In base 4, what is -2 + 10320223?
10320221
In base 14, what is -52b3 + 294?
-501d
In base 13, what is -1 + -185b5?
-185b6
In base 2, what is 100 - -1100011110000110?
1100011110001010
In base 3, what is -200202 + -10200?
-211102
In base 10, what is 15 - 13494?
-13479
In base 9, what is -150 + -2283?
-2443
In base 16, what is 38 + 16e43?
16e7b
In base 2, what is -1 + 111100101011101?
111100101011100
In base 10, what is 3 - -258168?
258171
In base 10, what is -948 + 169?
-779
In base 10, what is 5 - 157224?
-157219
In base 9, what is -466530 + -4?
-466534
In base 5, what is -10 - -23241033?
23241023
In base 7, what is 3531 - -21?
3552
In base 15, what is -5e0 - 4d?
-63d
In base 10, what is -13 + 393317?
393304
In base 5, what is 42 - -110?
202
In base 4, what is 22021 + 30?
22111
In base 13, what is -1bb8 - -30?
-1b88
In base 3, what is 120121 - -102201?
1000022
In base 16, what is 1bc0 - 15?
1bab
In base 9, what is 71 - -53087?
53168
In base 16, what is -5 - -126712?
12670d
In base 8, what is 105162 + -2?
105160
In base 10, what is 24173 + -177?
23996
In base 2, what is -11 - 110110110101011010001?
-110110110101011010100
In base 14, what is -4 - -3511?
350b
In base 3, what is 1112 - -201112121?
201121010
In base 16, what is -af6 + 2d8?
-81e
In base 11, what is -7 + -11aa?
-1206
In base 12, what is 5 + -b37?
-b32
In base 15, what is 11 - -9619?
962a
In base 16, what is 1631 + 13f?
1770
In base 15, what is 927 - cb?
84b
In base 7, what is 235 - -240?
505
In base 6, what is -2 + 4430312?
4430310
In base 14, what is -4bc + -a3?
-581
In base 12, what is 10 + 97?
a7
In base 8, what is -40764 - 16?
-41002
In base 6, what is -11 + -403301?
-403312
In base 7, what is 5216541 + 3?
5216544
In base 5, what is -221304 - 1?
-221310
In base 8, what is -121640 - 2?
-121642
In base 10, what is 152770 - 4?
152766
In base 5, what is 2 + -10240324?
-10240322
In base 8, what is -2170066 - 1?
-2170067
In base 13, what is 3a4 - 0?
3a4
In base 2, what is 10 + 110010001001100111?
110010001001101001
In base 11, what is 6 - 212aa9?
-212aa3
In base 7, what is -3100 - -14?
-3053
In base 10, what is -2307 + 30?
-2277
In base 2, what is 101 + -1101010101011?
-1101010100110
In base 13, what is 2a + -249a?
-2470
In base 9, what is 4 + 64135?
64140
In base 14, what is -2a - -76?
4a
In ba